9?
12
What is the remainder when 92776495 is divided by 18?
13
What is the remainder when 1928947 is divided by 1334?
1317
Calculate the remainder when 19309750 is divided by 1944.
1942
What is the remainder when 223840 is divided by 317?
38
What is the remainder when 44209597 is divided by 44209570?
27
Calculate the remainder when 196675 is divided by 10912.
259
Calculate the remainder when 24280296 is divided by 1428252.
12
What is the remainder when 10303849 is divided by 3434615?
4
Calculate the remainder when 44628129 is divided by 14881.
10
What is the remainder when 42774595 is divided by 11?
6
What is the remainder when 13984818 is divided by 6578?
6568
Calculate the remainder when 124492 is divided by 30586.
2148
What is the remainder when 411299 is divided by 15?
14
What is the remainder when 2579283 is divided by 364?
343
What is the remainder when 494373 is divided by 14978?
99
What is the remainder when 57863375 is divided by 432?
431
Calculate the remainder when 104075621 is divided by 52037803.
15
Calculate the remainder when 304850 is divided by 2059.
118
What is the remainder when 739554 is divided by 52658?
2342
Calculate the remainder when 835868 is divided by 779.
1
Calculate the remainder when 49779763 is divided by 20.
3
Calculate the remainder when 339875 is divided by 1434.
17
Calculate the remainder when 3052318 is divided by 7.
3
What is the remainder when 336308 is divided by 10188?
104
Calculate the remainder when 76491 is divided by 6952.
19
What is the remainder when 457325 is divided by 2006?
1963
What is the remainder when 396547 is divided by 65698?
2359
Calculate the remainder when 35742333 is divided by 1323789.
30
What is the remainder when 2500060 is divided by 43?
40
What is the remainder when 6957722 is divided by 858?
200
Calculate the remainder when 65896 is divided by 1588.
788
Calculate the remainder when 14178901 is divided by 746247.
208
What is the remainder when 40261 is divided by 7443?
3046
Calculate the remainder when 545498 is divided by 302.
86
Calculate the remainder when 60441190 is divided by 2120.
2110
What is the remainder when 829247 is divided by 413902?
1443
Calculate the remainder when 3941619 is divided by 634.
41
What is the remainder when 781637 is divided by 2383?
13
What is the remainder when 65481456 is divided by 230?
226
What is the remainder when 66393 is divided by 1097?
573
Calculate the remainder when 8058013 is divided by 7.
5
Calculate the remainder when 521376 is divided by 74481.
9
Calculate the remainder when 270849 is divided by 324.
309
What is the remainder when 42738 is divided by 21369?
0
Calculate the remainder when 71430 is divided by 2093.
268
Calculate the remainder when 61780721 is divided by 1592.
1569
Calculate the remainder when 5369956 is divided by 9117.
43
What is the remainder when 314494 is divided by 10129?
495
What is the remainder when 203351 is divided by 84?
71
Calculate the remainder when 7038117 is divided by 9.
0
What is the remainder when 45562681 is divided by 589?
586
What is the remainder when 281454 is divided by 286?
30
Calculate the remainder when 952293 is divided by 43285.
23
What is the remainder when 13202565 is divided by 60562?
49
Calculate the remainder when 667007 is divided by 22.
11
Calculate the remainder when 112151 is divided by 37234.
449
Calculate the remainder when 674756 is divided by 13770.
26
Calculate the remainder when 27556173 is divided by 3061797.
0
Calculate the remainder when 629168 is divided by 314574.
20
What is the remainder when 8010350 is divided by 12?
2
Calculate the remainder when 50266 is divided by 2474.
786
What is the remainder when 318607 is divided by 15928?
47
What is the remainder when 3614995 is divided by 8882?
21
Calculate the remainder when 3574639 is divided by 714916.
59
What is the remainder when 71642 is divided by 1381?
1211
Calculate the remainder when 2678899 is divided by 74.
25
Calculate the remainder when 60933 is divided by 59646.
1287
Calculate the remainder when 987723422 is divided by 4183.
4181
Calculate the remainder when 130344277 is divided by 67.
65
Calculate the remainder when 24245393 is divided by 6061335.
53
What is the remainder when 1243561 is divided by 11622?
7
Calculate the remainder when 33597163 is divided by 2492.
19
Calculate the remainder when 266593 is divided by 88720.
433
What is the remainder when 446213 is divided by 44?
9
Calculate the remainder when 149013 is divided by 20891.
2776
Calculate the remainder when 190249 is divided by 1231.
675
Calculate the remainder when 105472 is divided by 1123.
1033
What is the remainder when 135491 is divided by 1653?
1598
Calculate the remainder when 27170153 is divided by 22.
21
Calculate the remainder when 27048 is divided by 927.
165
Calculate the remainder when 12528 is divided by 3825.
1053
Calculate the remainder when 6220499 is divided by 4584.
11
What is the remainder when 131261 is divided by 1449?
851
Calculate the remainder when 1397487 is divided by 280.
7
Calculate the remainder when 280810 is divided by 295.
265
Calculate the remainder when 615950 is divided by 307943.
64
What is the remainder when 10646919 is divided by 18581?
6
Calculate the remainder when 701325 is divided by 701060.
265
Calculate the remainder when 5370055 is divided by 231.
229
Calculate the remainder when 20380083 is divided by 10398.
3
What is the remainder when 484406 is divided by 2222?
10
Calculate the remainder when 7632648 is divided by 82.
6
Calculate the remainder when 5023872 is divided by 14478.
6
Calculate the remainder when 693985 is divided by 1082.
423
What is the remainder when 60963162 is divided by 55522?
6
What is the remainder when 3226329 is divided by 837?
531
Calculate the remainder when 44892055 is divided by 190.
185
Calculate the remainder when 94496 is divided by 694.
112
Calculate the remainder when 4446 is divided by 3223.
1223
What is the remainder when 122475 is divided by 5236?
2047
Calculate the remainder when 1190498 is divided by 171.
167
Calculate the remainder when 1294978 is divided by 8081.
2018
Calculate the remainder when 397057 is divided by 397052.
5
Calculate the remainder when 34065922 is divided by 70239.
7
Calculate the remainder when 2683948 is divided by 25.
23
What is the remainder when 39999 is divided by 769?
11
Calculate the remainder when 51701758 is divided by 204.
202
What is the remainder when 4583663 is divided by 4312?
7
What is the remainder when 12820947 is divided by 75?
72
What is the remainder when 13648462 is divided by 4038?
22
What is the remainder when 632172 is divided by 158019?
96
What is the remainder when 531384 is divided by 48305?
29
What is the remainder when 5876198 is divided by 29090?
18
Calculate the remainder when 53434 is divided by 390.
4
Calculate the remainder when 183318 is divided by 3535.
3033
Calculate the remainder when 4392 is divided by 862.
82
What is the remainder when 684448 is divided by 54?
52
Calculate the remainder when 4496532 is divided by 76.
68
What is the remainder when 65983086 is divided by 6557?
6552
What is the remainder when 2992447 is divided by 202?
19
What is the remainder when 928788185 is divided by 2733?
2732
What is the remainder when 627778 is divided by 1154?
2
Calculate the remainder when 14903926 is divided by 35.
16
Calculate the remainder when 20032206 is divided by 89.
86
Calculate the remainder when 9279937 is divided by 316.
281
Calculate the remainder when 268251 is divided by 44523.
1113
Calculate the remainder when 2053097 is divided by 513259.
61
What is the remainder when 1015245 is divided by 253809?
9
What is the remainder when 1008417 is divided by 15051?
0
What is the remainder when 5144034 is divided by 326?
80
Calculate the remainder when 78223196 is divided by 51395.
6
What is the remainder when 144636006 is divided by 1767?
1755
What is the remainder when 124148 is divided by 1514?
0
Calculate the remainder when 1169953 is divided by 5735.
13
What is the remainder when 53817 is divided by 2997?
2868
What is the remainder when 6792682 is divided by 105?
22
What is the remainder when 156154960 is divided by 53?
0
Calculate the remainder when 49047204 is divided by 98.
66
Calculate the rema